2253?
1493
What is the highest common factor of 860 and 255?
5
Calculate the highest common divisor of 556 and 4302328.
556
Calculate the highest common divisor of 10239 and 108.
3
What is the highest common divisor of 8 and 6446?
2
Calculate the highest common factor of 4354 and 3766.
14
Calculate the highest common factor of 497312 and 8.
8
Calculate the greatest common divisor of 37595 and 3285.
365
What is the highest common divisor of 13 and 903058?
13
Calculate the highest common factor of 162247 and 178.
89
Calculate the highest common factor of 7080 and 165.
15
What is the highest common factor of 45744 and 816?
48
Calculate the highest common factor of 549 and 45994.
61
What is the greatest common factor of 33277 and 19904?
311
Calculate the greatest common divisor of 129735 and 10935.
135
What is the highest common divisor of 1969364 and 452?
452
What is the greatest common factor of 2240 and 26320?
560
What is the highest common divisor of 1000 and 35?
5
What is the highest common factor of 2048 and 135424?
256
Calculate the highest common divisor of 389608 and 744.
248
What is the greatest common factor of 17960 and 4041?
449
Calculate the greatest common factor of 1776 and 488.
8
What is the highest common divisor of 39348 and 324?
36
Calculate the highest common factor of 39120 and 340.
20
Calculate the greatest common divisor of 1335 and 8580.
15
Calculate the greatest common divisor of 635 and 2040.
5
What is the highest common divisor of 6 and 54663?
3
What is the greatest common factor of 9424 and 3268?
76
Calculate the greatest common factor of 32 and 31968.
32
What is the highest common factor of 27744 and 56712?
408
Calculate the highest common factor of 1784 and 72.
8
Calculate the greatest common factor of 100 and 11470.
10
Calculate the greatest common divisor of 703 and 68561.
37
What is the highest common factor of 1755 and 47520?
135
What is the greatest common factor of 3445 and 533?
13
Calculate the greatest common factor of 64 and 21552.
16
Calculate the highest common factor of 16 and 416656.
16
Calculate the highest common factor of 238 and 21658.
238
Calculate the highest common factor of 88 and 28754.
22
Calculate the greatest common factor of 6630 and 174525.
195
What is the greatest common factor of 1294 and 4110391?
647
Calculate the greatest common factor of 577922 and 303.
101
Calculate the greatest common factor of 708932 and 343.
49
Calculate the highest common factor of 1584 and 12837.
33
What is the greatest common factor of 518 and 23014?
74
What is the highest common divisor of 42959 and 425?
17
What is the greatest common factor of 16686 and 6283?
103
What is the highest common factor of 436850 and 250?
50
What is the highest common factor of 527 and 1309?
17
Calculate the greatest common factor of 30 and 267915.
15
What is the highest common factor of 16337 and 55862?
527
What is the greatest common divisor of 2190 and 455374?
146
Calculate the highest common factor of 12 and 265608.
12
Calculate the greatest common factor of 6528 and 12480.
192
Calculate the greatest common divisor of 1860 and 80445.
465
Calculate the greatest common factor of 5425 and 63.
7
What is the highest common divisor of 8 and 2357720?
8
What is the greatest common factor of 33 and 8637?
3
What is the highest common factor of 11781 and 6069?
357
Calculate the highest common divisor of 552277 and 55.
11
Calculate the greatest common divisor of 4544 and 44912.
16
Calculate the greatest common divisor of 393837 and 4899.
213
Calculate the highest common factor of 16109 and 33304.
181
Calculate the highest common divisor of 26 and 254306.
26
Calculate the greatest common divisor of 7877 and 3.
1
Calculate the greatest common factor of 1736 and 1647960.
248
What is the greatest common divisor of 99386 and 1519?
217
What is the highest common divisor of 1010 and 7171?
101
What is the greatest common divisor of 79149 and 336?
21
What is the highest common divisor of 11344504 and 16?
8
Calculate the greatest common factor of 866369 and 98.
49
Calculate the greatest common divisor of 403 and 146351.
31
What is the greatest common divisor of 102754 and 1328?
166
What is the highest common divisor of 496 and 7664?
16
Calculate the highest common divisor of 436921 and 13220.
661
Calculate the highest common factor of 2512 and 208.
16
What is the highest common factor of 2112 and 6303?
33
What is the highest common divisor of 795 and 199227?
159
Calculate the greatest common factor of 30 and 248805.
15
Calculate the highest common factor of 342 and 170772.
114
What is the highest common factor of 240 and 9860?
20
Calculate the highest common divisor of 423 and 504.
9
What is the highest common factor of 122617 and 628?
157
What is the highest common divisor of 108025 and 4768?
149
Calculate the highest common factor of 1523576 and 6592.
824
What is the highest common divisor of 500682 and 28?
14
Calculate the greatest common factor of 531 and 1461.
3
Calculate the highest common divisor of 29280 and 299205.
915
What is the highest common factor of 707 and 42?
7
What is the greatest common divisor of 244 and 309758?
122
What is the greatest common factor of 117 and 6425523?
117
What is the highest common divisor of 6 and 3806232?
6
What is the greatest common factor of 553 and 252247?
79
What is the greatest common divisor of 8 and 32259?
1
Calculate the highest common divisor of 7803 and 72.
9
What is the highest common factor of 5125740 and 60?
60
What is the highest common factor of 81064 and 8?
8
Calculate the highest common factor of 161712 and 816.
48
Calculate the highest common factor of 500 and 15300.
100
Calculate the highest common divisor of 39522 and 28.
14
What is the greatest common factor of 134 and 242339?
67
Calculate the highest common factor of 6069 and 1113.
21
What is the greatest common divisor of 376442 and 142?
142
Calculate the highest common divisor of 367 and 3.
1
What is the greatest common divisor of 37727 and 155?
31
What is the highest common divisor of 352 and 127?
1
Calculate the greatest common factor of 12 and 138858.
6
Calculate the greatest common divisor of 116868 and 4.
4
Calculate the greatest common factor of 21432 and 627.
57
What is the highest common factor of 795 and 105?
15
What is the greatest common factor of 81 and 8754?
3
Calculate the highest common factor of 18 and 7590438.
18
What is the highest common factor of 21 and 861?
21
What is the greatest common factor of 213 and 1137?
3
Calculate the highest common factor of 16395974 and 1007.
1007
What is the highest common divisor of 4440 and 354?
6
What is the highest common divisor of 234210 and 211?
211
Calculate the greatest common factor of 284040 and 495.
45
Calculate the greatest common divisor of 31989 and 6.
3
What is the highest common divisor of 280 and 3305?
5
What is the highest common factor of 5478 and 3154?
166
Calculate the highest common divisor of 8 and 13628.
4
Calculate the highest common divisor of 365 and 917.
1
What is the highest common divisor of 1818 and 55494?
18
What is the greatest common factor of 7502 and 17515?
31
Calculate the greatest common factor of 1904 and 2270112.
272
Calculate the greatest common divisor of 311176 and 3492.
388
Calculate the greatest common factor of 182 and 103922.
182
Calculate the greatest common factor of 29666 and 23798.
326
What is the greatest common divisor of 2301 and 10699?
13
What is the greatest common factor of 168 and 2332428?
84
What is the greatest common divisor of 455 and 138411?
91
Calculate the highest common factor of 9237844 and 308.
308
What is the highest common factor of 1298110 and 110?
110
What is the highest common factor of 9879 and 13528?
89
Calculate the greatest common factor of 1956 and 4014.
6
What is the highest common factor of 306 and 437562?
18
Calculate the greatest common divisor of 13491 and 19827.
9
Calculate the highest common factor of 94975 and 100.
25
Calculate the highest common factor of 1720068 and 21.
21
What is the greatest common factor of 29400 and 400?
200
What is the greatest common divisor of 86432 and 1776?
592
What is the greatest common factor of 2435408 and 48?
16
Calculate the greatest common divisor of 2100 and 537